e highest common factor of f and 29.
29
Suppose 384 + 336 = -30*n. Let r be (-688)/n - (-2)/(-3). Let j = 3 - -4. What is the greatest common divisor of j and r?
7
Let f(h) = h**2 - 3*h - 32. Let k be f(8). Suppose k = -2*g, 3*a + a - 4 = -4*g. Suppose -4*l + 225 = l. Calculate the highest common divisor of l and a.
5
Let r = 12 + 0. Let l be (4/((-16)/(-6)))/((-12)/(-7432)). Suppose -3*t - r = 0, 3*u - 8*u + l = -t. What is the highest common divisor of 37 and u?
37
Let f be ((-1236)/15 - -2)*15/(-2). Let g = -531 + f. What is the greatest common factor of 18 and g?
18
Suppose -50*u - 6468 = -78*u. What is the highest common divisor of u and 616?
77
Let j be (-2)/(60/(-5134)) - 272/2040. What is the greatest common factor of 45 and j?
9
Let b(c) = 214*c**3 - 3*c**2 - 3*c - 1. Let h be b(-1). Let l = 229 + h. What is the highest common factor of 378 and l?
14
Suppose t - 5*c = 53, 5*c + 97 = 4*t - 40. Let w(i) = 7*i**2 + 27*i + 2. Let h be w(-5). What is the highest common factor of t and h?
14
Let l be 8/112 + (-1081067)/(-182). Calculate the highest common factor of l and 90.
90
Let f be 35168/352 + 6/66. Calculate the greatest common factor of f and 5475.
25
Suppose 2*r - 81 = 238*l - 241*l, 57 = 3*l - 2*r. What is the greatest common factor of 805 and l?
23
Let g = 74 - 67. Suppose -2*f - 35 = -g*f. Let y be ((-10)/4)/(26/4 - f). Calculate the highest common divisor of 80 and y.
5
Suppose -340*b = 3*g - 337*b - 132, 0 = -5*g + 3*b + 228. What is the highest common divisor of g and 54?
9
Let r = 31 - 6. Let c = -21 + r. Suppose 5*f + 6*i - 2*i - 253 = 0, 0 = -c*f - 2*i + 200. Calculate the highest common divisor of f and 7.
7
Suppose -3*w + 2*s + 0*s = -1188, 4*s = 5*w - 1980. Let h = -167 + 185. What is the highest common factor of h and w?
18
Suppose t + 20 = 3*v, 3*t - 24 = -v - t. Let g be ((-2)/(-4))/((-6)/24). Let q be (2 + g/4)*8. What is the greatest common divisor of v and q?
4
Let f be (-9)/(-3) + (530 - (1 + 1)). Let l be (-26 - -29)*(3 + -5 + 5). Calculate the greatest common factor of l and f.
9
Let z be 3*(78/(-72))/((-4)/32). Suppose 39676 = 2*i + z*i. What is the greatest common divisor of i and 13?
13
Suppose 20 = -8*a + 12*a. Suppose -5*x + 303 = a*u - 37, 5*x = -4*u + 271. What is the highest common divisor of 276 and u?
69
Let v(j) = 7*j**3 - 15*j**2 + 35*j - 21. Let s be v(6). What is the highest common factor of s and 645?
129
Suppose 4*m - 367 = -3*y, -4*m = y - m - 124. Suppose -2*k = -4, -24 = -3*t - k - y. Let a = 233 + t. Calculate the highest common factor of 25 and a.
25
Let h be ((1 + -16)*(30 + -29))/((-3)/36). What is the highest common factor of h and 40?
20
Let z(u) = -23*u + 10*u - 12 + 0*u**2 + 11*u + 6*u**2 + 11*u. Let p be z(3). What is the highest common divisor of 69 and p?
69
Suppose -15964 = -21*j - 2629. Calculate the greatest common divisor of j and 127.
127
Let t = -222 - -544. Let c be (16*2/(-36))/((-236)/24426). What is the greatest common divisor of t and c?
46
Let o be 2/((-12)/9)*-4. Let x be (-10)/o*(-94 - 2). Calculate the greatest common factor of 10 and x.
10
Let c(m) = -3*m - 97. Let d be c(-38). Suppose 0 = -10*v + 13 + d. What is the highest common factor of v and 69?
3
Suppose 2*c - 22 = c. Suppose 4*k - 5*g - 1769 = 0, -17*g + 1325 = 3*k - 21*g. What is the greatest common divisor of c and k?
11
Let z be ((-12)/7)/(6/(-21)). Let n be 0 + (-9)/(45/(-20)). Suppose 334 = 5*t + n. What is the highest common divisor of z and t?
6
Let q = 213 - 209. Suppose -5*g + 80 = -q*l, 21 = -2*g + 5*l + 70. Calculate the highest common factor of g and 28.
4
Suppose 84*p + 684 = 87*p. Let i be (36/14)/(-1*3/(-14)). Calculate the greatest common factor of p and i.
12
Let t be 24/16*(-364)/(-6). Suppose -t = -p + 3*r, -93 = -2*p + p + r. What is the greatest common divisor of p and 94?
94
Let x(s) = -10*s - 10*s + 7*s**3 + 2*s**3 + 15*s + 5 + 2*s**2. Let r be x(2). What is the greatest common factor of 100 and r?
25
Let r = -457 - -457. Suppose -2*w = -5*g + 4*g + 62, 3*g + w - 193 = r. What is the greatest common factor of g and 4?
4
Suppose -m = -3*n + 1497, 4*m - 2028 = -22*n + 18*n. What is the greatest common factor of 3173 and n?
167
Let q(i) = 8*i - 127 + 274 - 127 + i**2. Let r be q(-8). Calculate the greatest common divisor of r and 60.
20
Let s be 5*1*(5 + -1). Suppose -4*o = t - 279, 25*o - 21*o - 4*t - 284 = 0. What is the highest common divisor of o and s?
10
Let a(x) = 52*x**3 + 6*x**2 - 5*x - 2. Let v be a(1). What is the greatest common divisor of v and 1207?
17
Let y be (2 - 2 - 607) + (12 - 13). Let r = -456 - y. Calculate the highest common factor of 19 and r.
19
Let o(h) = 2*h**3 - h**2 - 19*h + 50. Let y be o(4). Suppose -4*m - 3*d = -44, y = 5*m - 5*d + d. Calculate the greatest common divisor of m and 553.
7
Let f(x) = -56*x + 3992. Let d be f(71). Calculate the highest common divisor of d and 9872.
16
Suppose 0 = -3*d + 2 + 13. Suppose d*n = 5*v - 235, 0 = -v + 6*n - 3*n + 37. Calculate the greatest common divisor of v and 572.
52
Suppose -d = 4*x - 120 - 37, -3*d = 2*x - 71. Suppose -5*g + 3*z - 5 = -x, 7 = g - 5*z. Calculate the greatest common divisor of 189 and g.
7
Let c(w) = 7*w**2 + 110*w - 145. Let x be c(-18). Calculate the highest common factor of 11 and x.
11
Suppose 0 = -23*n + 14*n + 18. Suppose 13 = 5*h + 3. Suppose b + n*l - 440 = -h*b, 4*b - l = 572. Calculate the highest common divisor of 16 and b.
16
Suppose -138*a + 7224 = 34*a. What is the highest common divisor of 2037 and a?
21
Suppose 0 = 19*c - 235 - 8163. Calculate the greatest common divisor of 52 and c.
26
Let b be 40328/13 + 18*37/(-4329). What is the highest common divisor of 396 and b?
66
Let f be 2/(-13) - (-693)/(-819). Let k be (8/12)/(f/(-504)). What is the greatest common divisor of k and 32?
16
Suppose 1 = -3*f + s - 0, 2*f - 2*s + 2 = 0. Suppose f*w - 2 = -w. Let a be (1 - w/8)*20/5. What is the highest common factor of a and 1?
1
Let a(n) = -n**2 + 24*n - 48. Let y be a(16). Suppose 154 = y*v - 79*v. Calculate the highest common factor of v and 28.
14
Suppose -2*i = -0*i - x - 42, i = -x + 24. Let w = 559 + -328. Suppose 8*h - w = 297. Calculate the highest common factor of h and i.
22
Let z(y) = 13*y**2 + 3*y - 3. Let o be z(2). Let w(k) = 6*k**3 - 30*k**2 - 21*k + 127. Let x be w(5). Calculate the greatest common divisor of x and o.
11
Let s be 12/20 + (-86)/10. Let l be (4 - -116)*(-4)/s. What is the greatest common factor of l and 24?
12
Suppose 0 = 3*i - 7*i - 36. Let o(p) = -2*p - 14. Let z be o(i). Suppose -z*x + 92 = -2*r, -4*r - 23 = -x - 0*r. What is the highest common factor of x and 69?
23
Suppose -d = -14 - 14. Let p = 4794 - 4780. Calculate the highest common divisor of d and p.
14
Suppose l = -2*s + 6, 2*s - l = l. Let w = 74 + -34. Suppose -8*o + 4*o = -w. Calculate the highest common divisor of s and o.
2
Let n = -6498 - -6544. What is the greatest common divisor of 943 and n?
23
Suppose -2*m + 2137 = 4*x - 8845, -3*m = -9. What is the greatest common divisor of 441 and x?
49
Suppose 4023 - 33273 = -39*b. What is the greatest common divisor of 100 and b?
50
Suppose 3*w + 10 = 40. Let d be (14 - -1)/(42/1792). Calculate the greatest common divisor of d and w.
10
Let o(s) = -17*s + 38. Let r be o(2). Let n(m) = 6*m**2 + 8*m - 8. Let u be n(-4). Calculate the greatest common factor of u and r.
4
Suppose -1 = 5*t - 36. Let n be 30 - (84/t)/(-6). What is the highest common factor of n and 16?
16
Suppose 0 = 27*w + 10584 - 39123. Suppose 38*r + 221 = w. Calculate the highest common factor of r and 77.
11
Let f(i) = -i**3 - 24*i**2 - 95*i - 5. Let c be f(-19). Let g(z) = z**3 + 8*z**2 - 8*z - 5. Let h be g(c). What is the highest common divisor of h and 90?
10
Suppose -7 = -x - 162*v + 161*v, -2*x = -5*v + 21. Let m(h) = 0*h + 8*h + 2*h - 6. Let g be m(x). Calculate the greatest common factor of g and 98.
14
Let v = -320 - -328. Suppose -12*r = -16 - v. What is the highest common factor of 58 and r?
2
Let d be (45/(-12) + 2)/((-110)/39160). Calculate the greatest common divisor of d and 89.
89
Suppose 3*y - 4*g - 297 = -307, 2*g = 8. Calculate the greatest common factor of y and 18.
2
Let f = -14102 + 14993. What is the highest common factor of f and 675?
27
Suppose 3*s = x -